 88510 is divided by 1772.
1682
What is the remainder when 2008 is divided by 339?
313
Calculate the remainder when 72094 is divided by 346.
126
What is the remainder when 6409 is divided by 278?
15
Calculate the remainder when 540267 is divided by 405.
402
What is the remainder when 3903 is divided by 292?
107
What is the remainder when 28772997 is divided by 1000?
997
Calculate the remainder when 13867 is divided by 7.
0
What is the remainder when 159063 is divided by 3180?
63
What is the remainder when 359 is divided by 66?
29
What is the remainder when 44381 is divided by 78?
77
Calculate the remainder when 22410 is divided by 265.
150
What is the remainder when 4956 is divided by 513?
339
Calculate the remainder when 315432 is divided by 751.
12
What is the remainder when 92159 is divided by 120?
119
What is the remainder when 247942 is divided by 95?
87
Calculate the remainder when 10179 is divided by 767.
208
Calculate the remainder when 3003 is divided by 1495.
13
Calculate the remainder when 5679 is divided by 194.
53
What is the remainder when 1111 is divided by 93?
88
What is the remainder when 2279 is divided by 568?
7
Calculate the remainder when 202854 is divided by 10.
4
What is the remainder when 376194 is divided by 79?
75
Calculate the remainder when 72614 is divided by 1770.
44
What is the remainder when 1209455 is divided by 888?
887
Calculate the remainder when 40059 is divided by 413.
411
Calculate the remainder when 28971 is divided by 964.
51
What is the remainder when 3461 is divided by 68?
61
What is the remainder when 96040 is divided by 15?
10
What is the remainder when 5058 is divided by 52?
14
What is the remainder when 3400 is divided by 84?
40
Calculate the remainder when 7969 is divided by 129.
100
Calculate the remainder when 3503 is divided by 318.
5
Calculate the remainder when 992156 is divided by 32.
28
What is the remainder when 1733 is divided by 552?
77
What is the remainder when 1280 is divided by 408?
56
Calculate the remainder when 338 is divided by 103.
29
Calculate the remainder when 352406 is divided by 248.
246
Calculate the remainder when 1595 is divided by 618.
359
What is the remainder when 1662 is divided by 1565?
97
Calculate the remainder when 13471 is divided by 7.
3
Calculate the remainder when 4210 is divided by 105.
10
What is the remainder when 5237 is divided by 220?
177
Calculate the remainder when 224587 is divided by 31.
23
What is the remainder when 4009 is divided by 335?
324
Calculate the remainder when 1240 is divided by 79.
55
What is the remainder when 12479 is divided by 1039?
11
What is the remainder when 180477 is divided by 376?
373
What is the remainder when 2729 is divided by 97?
13
What is the remainder when 3699 is divided by 3585?
114
Calculate the remainder when 17559 is divided by 501.
24
What is the remainder when 19533 is divided by 9687?
159
Calculate the remainder when 5062458 is divided by 20.
18
Calculate the remainder when 2055 is divided by 21.
18
What is the remainder when 160170 is divided by 119?
115
Calculate the remainder when 80710 is divided by 40.
30
Calculate the remainder when 27256 is divided by 58.
54
Calculate the remainder when 1273 is divided by 232.
113
Calculate the remainder when 60580 is divided by 166.
156
What is the remainder when 116574 is divided by 348?
342
Calculate the remainder when 676234 is divided by 338113.
8
Calculate the remainder when 2196975 is divided by 61.
60
What is the remainder when 253386 is divided by 84459?
9
Calculate the remainder when 5702 is divided by 1799.
305
What is the remainder when 4958528 is divided by 1652842?
2
What is the remainder when 5689 is divided by 70?
19
Calculate the remainder when 68151 is divided by 68088.
63
Calculate the remainder when 10289 is divided by 5.
4
Calculate the remainder when 9195 is divided by 4.
3
Calculate the remainder when 1905 is divided by 1293.
612
Calculate the remainder when 2432 is divided by 600.
32
What is the remainder when 133461 is divided by 161?
153
What is the remainder when 4944 is divided by 99?
93
What is the remainder when 1389 is divided by 6?
3
Calculate the remainder when 738 is divided by 382.
356
Calculate the remainder when 5226 is divided by 146.
116
What is the remainder when 1936 is divided by 490?
466
What is the remainder when 12939 is divided by 121?
113
What is the remainder when 169376 is divided by 60?
56
Calculate the remainder when 220338 is divided by 1191.
3
Calculate the remainder when 203791 is divided by 589.
586
Calculate the remainder when 161226 is divided by 241.
238
Calculate the remainder when 635 is divided by 252.
131
Calculate the remainder when 2118 is divided by 704.
6
What is the remainder when 3774 is divided by 1836?
102
Calculate the remainder when 122267 is divided by 24447.
32
Calculate the remainder when 38718 is divided by 9669.
42
What is the remainder when 68249 is divided by 72?
65
Calculate the remainder when 7397 is divided by 68.
53
Calculate the remainder when 337259 is divided by 2248.
59
Calculate the remainder when 87891 is divided by 53.
17
Calculate the remainder when 7152 is divided by 56.
40
What is the remainder when 6011 is divided by 352?
27
What is the remainder when 131160 is divided by 3974?
18
What is the remainder when 318658 is divided by 45?
13
What is the remainder when 654 is divided by 214?
12
What is the remainder when 22201 is divided by 493?
16
What is the remainder when 24846 is divided by 828?
6
Calculate the remainder when 16800 is divided by 290.
270
What is the remainder when 4355 is divided by 522?
179
Calculate the remainder when 6524 is divided by 6386.
138
Calculate the remainder when 78789 is divided by 588.
585
Calculate the remainder when 960782 is divided by 22.
20
Calculate the remainder when 56639 is divided by 180.
119
What is the remainder when 23981 is divided by 11980?
21
Calculate the remainder when 5309 is divided by 331.
13
Calculate the remainder when 1869762 is divided by 41.
39
What is the remainder when 1062601 is divided by 4765?
6
Calculate the remainder when 804 is divided by 137.
119
What is the remainder when 29622 is divided by 29590?
32
Calculate the remainder when 9035 is divided by 705.
575
Calculate the remainder when 1408 is divided by 19.
2
Calculate the remainder when 146895 is divided by 9.
6
Calculate the remainder when 487 is divided by 215.
57
What is the remainder when 17748 is divided by 40?
28
What is the remainder when 47761 is divided by 11937?
13
What is the remainder when 148353 is divided by 1279?
1268
What is the remainder when 7521 is divided by 175?
171
Calculate the remainder when 6557 is divided by 2173.
38
Calculate the remainder when 40297 is divided by 1087.
78
What is the remainder when 73510 is divided by 327?
262
Calculate the remainder when 69412 is divided by 12.
4
What is the remainder when 1993 is divided by 637?
82
What is the remainder when 14087 is divided by 6?
5
Calculate the remainder when 5241 is divided by 1026.
111
Calculate the remainder when 9445 is divided by 103.
72
Calculate the remainder when 30494 is divided by 2063.
1612
Calculate the remainder when 181897 is divided by 761.
18
What is the remainder when 99552 is divided by 26?
24
What is the remainder when 524139 is divided by 5?
4
Calculate the remainder when 14929 is divided by 648.
25
Calculate the remainder when 100051 is divided by 488.
11
Calculate the remainder when 341208 is divided by 17.
1
What is the remainder when 35045 is divided by 366?
275
Calculate the remainder when 81380 is divided by 5.
0
What is the remainder when 142789 is divided by 438?
1
What is the remainder when 6318 is divided by 3154?
10
What is the remainder when 123531 is divided by 355?
346
Calculate the remainder when 9389 is divided by 4568.
253
What is the remainder when 27042 is divided by 15?
12
Calculate the remainder when 9778 is divided by 813.
22
Calculate the remainder when 30879 is divided by 10291.
6
What is the remainder when 5691 is divided by 234?
75
Calculate the remainder when 2213 is divided by 170.
3
Calculate the remainder when 52751 is divided by 42.
41
What is the remainder when 113821 is divided by 346?
333
Calculate the remainder when 8004